or of 17164 and 140234171?
4291
Calculate the highest common factor of 207 and 15498550.
23
What is the greatest common factor of 1452352 and 9152?
704
Calculate the greatest common factor of 218730345 and 115.
115
Calculate the greatest common divisor of 9870360 and 555.
15
Calculate the greatest common factor of 4808280 and 800.
40
Calculate the greatest common divisor of 165 and 1934745.
15
Calculate the highest common factor of 782 and 21455734.
782
Calculate the highest common factor of 316071 and 221094.
1557
What is the highest common divisor of 69341296 and 279?
31
Calculate the highest common factor of 420 and 11466280.
140
Calculate the highest common divisor of 60934122 and 7044.
3522
What is the greatest common factor of 5398033488 and 1072?
1072
What is the highest common factor of 2288434 and 424?
106
What is the greatest common factor of 318280557 and 6504?
813
Calculate the greatest common factor of 8926875 and 43907.
529
Calculate the greatest common divisor of 20518 and 2738.
2
Calculate the highest common divisor of 238 and 478905.
7
What is the greatest common factor of 59340 and 3459780?
2580
Calculate the highest common divisor of 305568021 and 1947.
1947
Calculate the highest common divisor of 146444 and 7344639.
1181
What is the greatest common divisor of 556 and 422971162?
278
Calculate the greatest common factor of 45406 and 1515042.
146
Calculate the highest common divisor of 10860093 and 272.
17
Calculate the greatest common divisor of 954247162 and 136.
34
Calculate the highest common divisor of 261459 and 2608947.
1881
What is the greatest common divisor of 64 and 297296?
16
What is the greatest common divisor of 196903680 and 4512?
4512
Calculate the greatest common factor of 365849 and 76201.
421
Calculate the highest common factor of 40 and 4080380.
20
What is the greatest common divisor of 368985 and 40035?
255
Calculate the highest common factor of 489160 and 490.
70
Calculate the highest common divisor of 105984 and 35353344.
768
What is the greatest common divisor of 82807 and 68?
17
What is the greatest common factor of 36 and 10231083?
9
Calculate the highest common divisor of 13298049 and 38008.
4751
What is the highest common factor of 198 and 14192394?
6
What is the highest common factor of 3867509 and 59?
59
Calculate the highest common factor of 132 and 83391792.
132
What is the greatest common divisor of 24260580 and 540?
540
Calculate the highest common factor of 72 and 1025825976.
72
What is the highest common divisor of 354402 and 864?
54
What is the highest common divisor of 5555 and 1912031?
1111
What is the greatest common divisor of 29369 and 4467503?
683
What is the greatest common factor of 187325 and 289100?
1475
Calculate the highest common factor of 1985857 and 419813.
4717
What is the highest common factor of 1098 and 636498?
18
Calculate the greatest common divisor of 3069825 and 3660.
915
What is the greatest common factor of 243507750 and 590?
590
What is the greatest common divisor of 197 and 3758563?
197
Calculate the greatest common factor of 668235 and 315.
15
What is the highest common factor of 287 and 100801001?
287
What is the greatest common factor of 1414532 and 3047636?
4124
What is the greatest common factor of 94832496 and 3168?
1584
Calculate the highest common divisor of 2922546 and 10494.
66
What is the highest common divisor of 246932588 and 18165?
1211
What is the highest common factor of 2064 and 5773137?
129
Calculate the greatest common divisor of 871893 and 144.
9
Calculate the greatest common divisor of 422 and 17191858.
422
What is the highest common divisor of 22842 and 122200?
94
Calculate the highest common factor of 737 and 12550708.
67
Calculate the highest common factor of 6481865 and 273.
13
Calculate the highest common divisor of 128698 and 147806.
562
Calculate the greatest common divisor of 43804464 and 456.
24
What is the highest common divisor of 4382861 and 35?
7
Calculate the greatest common divisor of 460 and 23482655.
115
Calculate the highest common divisor of 14196 and 19124.
28
Calculate the greatest common factor of 9850 and 29150.
50
Calculate the highest common divisor of 67100 and 16300.
100
Calculate the highest common factor of 43120 and 1634160.
880
Calculate the greatest common factor of 2065242 and 302.
2
Calculate the greatest common divisor of 6776 and 25772516.
3388
What is the highest common factor of 3699 and 2266920?
27
What is the highest common divisor of 6162 and 77453022?
474
Calculate the greatest common factor of 408 and 22248189.
51
What is the greatest common divisor of 31084 and 3539486?
818
What is the greatest common factor of 12992 and 341106816?
1856
Calculate the greatest common divisor of 782 and 5171162.
34
What is the highest common divisor of 2114448 and 420?
84
What is the highest common divisor of 22 and 6681399406?
22
What is the greatest common divisor of 103050 and 1513450?
50
Calculate the highest common factor of 1536 and 136164992.
128
What is the highest common factor of 31218212 and 32?
4
Calculate the highest common factor of 6332174 and 2009038.
4358
What is the greatest common divisor of 97967509 and 197?
197
What is the greatest common divisor of 2935738 and 17602?
26
Calculate the highest common factor of 11762705 and 395.
395
Calculate the greatest common divisor of 130 and 1862960710.
130
Calculate the greatest common divisor of 1405680 and 390.
30
Calculate the greatest common divisor of 5832 and 21490137.
27
What is the greatest common divisor of 11388 and 1252899?
219
What is the greatest common divisor of 3912 and 2723567?
163
What is the greatest common divisor of 473935 and 60830?
385
Calculate the highest common divisor of 3675 and 17264856.
147
Calculate the highest common divisor of 817 and 2462362.
19
What is the greatest common factor of 1947177 and 663727?
3667
Calculate the highest common divisor of 35 and 5555795.
35
Calculate the highest common divisor of 5115634783 and 371.
371
Calculate the greatest common factor of 28 and 24565828.
28
What is the greatest common divisor of 883732 and 156?
4
What is the highest common divisor of 321699 and 426?
3
Calculate the highest common divisor of 293595 and 2683203.
2553
Calculate the greatest common divisor of 18 and 10916796.
6
What is the highest common divisor of 14 and 24547782?
14
What is the highest common divisor of 31050 and 33718?
46
Calculate the highest common factor of 125 and 107831125.
125
What is the highest common divisor of 39122250 and 50?
50
Calculate the highest common divisor of 4598888 and 25256.
2296
Calculate the highest common divisor of 7342 and 1250779449.
3671
What is the greatest common divisor of 12298373 and 8909?
59
What is the highest common divisor of 233367552 and 45?
9
What is the highest common divisor of 6744 and 4448792?
2248
What is the highest common factor of 3792457 and 133?
19
What is the greatest common factor of 1547638 and 20548?
934
Calculate the highest common factor of 378751 and 2479.
67
Calculate the highest common divisor of 32683 and 1251775.
161
What is the greatest common divisor of 58 and 1200230917?
29
Calculate the highest common factor of 127807 and 20.
1
What is the greatest common divisor of 3040 and 34910600?
760
Calculate the highest common divisor of 1517 and 54534781.
37
What is the highest common factor of 18525 and 18089425?
475
What is the highest common divisor of 221 and 19967333?
17
Calculate the greatest common divisor of 716 and 17070514.
358
Calculate the highest common divisor of 888009 and 1416.
177
What is the greatest common divisor of 7840536 and 6171?
561
What is the highest common factor of 369053 and 1309?
17
Calculate the highest common factor of 99 and 152488971.
9
Calculate the highest common divisor of 990553440 and 120.
120
What is the highest common factor of 215217054 and 156?
78
What is the highest common factor of 6570 and 1495770?
2190
Calculate the highest common factor of 2301840 and 2640.
240
Calculate the greatest common factor of 660 and 318180.
60
Calculate the greatest common factor of 16470 and 16159510.
610
Calculate the highest common divisor of 1624 and 15180340.
812
What is the greatest common factor of 375832 and 31392?
872
Wh